igit of s(37)?
3
Let m(j) = 3*j**2 + 6*j. Let k = -9 - -21. Suppose 2*n = -n - k. What is the units digit of m(n)?
4
Let g = -3 + -4. Let u(w) = -w**3 - 7*w**2 - 9. Let h be u(g). Let b = 5 - h. What is the units digit of b?
4
Suppose 0 = 5*o - 13 - 77. Suppose l + 2*l - o = 0. Let h(a) = -a**3 + 7*a**2 - 4*a + 9. What is the tens digit of h(l)?
2
Let m(q) = -q**2 + 9*q + 9. Let g = 22 - 26. Let a be (-54)/g*6/9. What is the units digit of m(a)?
9
Suppose -12 = -7*j + 9. Let l(c) = 6*c + c - 3*c - 2. What is the tens digit of l(j)?
1
Let x = 4167 - 1541. What is the tens digit of x?
2
Let u(g) = 3*g**2 - 15*g + 4. What is the units digit of u(7)?
6
Suppose -5*y + 725 = -5*o, 101 = y + 2*o - 44. What is the hundreds digit of (19 + y)*2/2?
1
Suppose -3*g = -18 + 3. Suppose -2*i + g*n + 6 = 0, 2*i + n - 10 = 5*n. Let m(b) = 3*b + 14. What is the tens digit of m(i)?
5
Let d(h) = 65*h**3 + 3*h**2 - 4*h - 25. What is the tens digit of d(3)?
4
Let j(b) = b**3 - 18*b**2 - 34*b + 121. What is the units digit of j(21)?
0
Suppose -14 = -4*x + 110. Let y = -19 + x. Let u = y - 7. What is the units digit of u?
5
Suppose -4*i = -0*i. Suppose -5*v = 4*u - 158, u - 4*u + 2*v + 107 = i. What is the units digit of u?
7
Suppose 2*p = 3*q - 5 - 18, -3*q + 33 = 3*p. Suppose 0 = q*h - 884 + 308. What is the tens digit of h?
6
Let u(x) = -3*x**3 - 2*x**2 + 4. Let k = 5 - 7. What is the units digit of u(k)?
0
Let o be (-2 - 1 - -6) + -9. Let y(n) be the first derivative of n**3/3 + 2*n**2 + n + 1. What is the units digit of y(o)?
3
Suppose -8*v = 2*v - 80. Let h = v + 107. What is the hundreds digit of h?
1
Let m be (-55)/6 + -1 + (-1)/(-6). What is the units digit of m/(-35) - 2*(-122)/28?
9
Let w(y) = 170*y - 44. Let p be w(4). Suppose -k - 2*k = -p. What is the units digit of k?
2
Let k = 249 + 103. What is the tens digit of k?
5
Suppose 12*m - 45*m + 7128 = 0. What is the hundreds digit of m?
2
Let q(n) = n**3 - 6*n**2 + 4*n - 8. Let m be q(6). Suppose 0 = -v, m + 89 = -r + v. What is the units digit of r*(40/(-15) - -2)?
0
Suppose 6710 = 5*j - 5*z, 2*j + 2*z = 2354 + 338. What is the thousands digit of j?
1
Suppose -5*p + 33 = -2*p + 2*c, 0 = -5*c. Let w(s) be the second derivative of -s**4/12 + 13*s**3/6 - 7*s**2/2 - s. What is the units digit of w(p)?
5
Let q(w) = -542*w + 335. What is the thousands digit of q(-11)?
6
Suppose 668 = 4*s - 5*j - 164, -s = -4*j - 197. What is the tens digit of s?
1
Let c(j) = j**2 - 8*j - 12. Let x be c(10). Let g be 1 + x + 1 + -3. Suppose 28 - g = z. What is the tens digit of z?
2
Suppose -40*j = 7*j - 28294. What is the hundreds digit of j?
6
Suppose q = -2*q + 5*x - 83, -4*q = -x + 88. What is the tens digit of 8/(1 + 19/q)?
8
Let d = 40 + 56. What is the units digit of d?
6
Let q = -11 - -21. Suppose -h = -2*u, 0*h - 2*h - u = q. What is the units digit of 3*(h - -5) - -62?
5
Let v = -83 - -99. Suppose 0*y + 12 = 5*y + 3*s, -14 = -5*y - s. Suppose y*r - v = 35. What is the tens digit of r?
1
Let n(x) = 41*x + 2. Let u be n(3). Suppose -5*i + 4*s = -u, -i = -6*i + 2*s + 135. What is the tens digit of i?
2
Suppose b + 9*b - 5600 = 0. What is the units digit of b?
0
Let d = -36 - -14. Suppose 4*g = -1 + 53. Let c = g - d. What is the tens digit of c?
3
Suppose -3*o - 4*z = -23, 0 = -3*o + o + 4*z - 18. Suppose -5*u - o - 1 = -2*a, 3*u - 4*a = 10. What is the tens digit of -1 - u - (-5 + -11)?
1
Let w = -203 + 480. Suppose -3*c + s + w = 0, 5*s - 220 = -3*c + 87. What is the tens digit of c?
9
Suppose -5*n = 6 - 186. Suppose -2*m + n = -y - 50, 3*m = 5*y + 115. Suppose 2*f - m = 43. What is the tens digit of f?
4
Let h be (-1)/3 + 44/(-3). Let c = -10 - h. Suppose -k + c*k - 100 = 0. What is the tens digit of k?
2
Let q(k) = k**3 + 42*k**2 - 28*k - 16. What is the units digit of q(-42)?
0
Suppose -2*p + 45 - 37 = 0. Suppose p*z - 267 - 553 = 0. What is the tens digit of z?
0
Suppose -i - 615 = 4*i. Suppose 3*n + 69 = -27. What is the tens digit of n/56 - i/7?
1
Let a be (1/1)/(3/(-6)). Let c = a - -7. Suppose -59 = -3*g + c*m, -2*g + 0*m + 52 = 3*m. What is the units digit of g?
3
Suppose 2*i = 11*i - 6750. What is the tens digit of i?
5
Let l(g) = 4*g**2 - 10*g + 4. Suppose 2*y = -4*a - 22, -2*a + 4*a = -3*y - 13. What is the units digit of l(a)?
4
Suppose -5*w = 3*i - 2*i + 110, 3*w + 5*i = -66. Let u = w - -57. What is the tens digit of u?
3
Let f = -1208 - -1727. What is the hundreds digit of f?
5
Let f be 2/16 + (-30)/(-16). Suppose -11 + 3 = -f*g. Suppose 48 = -g*k + 120. What is the tens digit of k?
1
Let o(w) be the first derivative of 3*w**3 + 3*w**2/2 - 10*w + 14. What is the tens digit of o(4)?
4
Suppose -361 = -2*i - 27. What is the hundreds digit of i?
1
Let d = -10 - -15. Let a(v) = -v**3 + 6*v**2 - 6*v + 10. Let i be a(d). Suppose 2*o + i*n - 63 = 0, 3*o + 3*n - 85 = 5*n. What is the tens digit of o?
2
Suppose 0 = 4*j + 3*q - 1263, 2*q - 446 = 3*j - 1406. What is the units digit of j?
8
Let r = 1001 + -458. Suppose -4*j + 4*u + 0*u = -740, -3*j - u + r = 0. What is the tens digit of j?
8
Let f(w) = -w**3 - 9*w**2. Let p be f(-7). Let q = p - 1505. What is the units digit of 2/11 + q/(-77)?
1
Suppose -8*f + 3*f = 485. Let n = -38 - f. What is the tens digit of n?
5
Let j be 12/9*(-1)/(2/(-9)). Suppose 0 = -j*q + 2*q - 3*x + 381, -459 = -5*q + 2*x. What is the tens digit of q?
9
Let f be -6 - 3/12*4. What is the units digit of (-313)/f - 16/(-56)?
5
Suppose -7*u = -6*u. Let g = 10 + u. What is the units digit of (-9)/6*g/(-3)?
5
Let f(r) = -174*r - 32. What is the tens digit of f(-4)?
6
Suppose 0*t = -4*t + 3*v + 1521, 0 = 4*t - 5*v - 1527. What is the tens digit of t?
7
Let t(n) = -n**2 + 8*n - 12. Let s be t(4). What is the tens digit of 38*(-3 + 2 + s)/3?
3
Let m(w) = -5*w**3 + 3*w**2 - w - 18. Let c(i) = -i**3 - i. Let p(r) = -4*c(r) + m(r). What is the tens digit of p(-5)?
6
Suppose -180 - 9381 = -3*v. What is the tens digit of v?
8
Suppose 0 = 3*f + 4*o - 37, -5*f + 5*o + 57 = 7*o. What is the tens digit of f?
1
Let f = -646 - -1067. What is the tens digit of f?
2
Let u(l) = 65*l + 7. Let x be u(5). Suppose -3*o = -4*r - 652, -16 - x = 2*r + 4*o. What is the units digit of r/(-12) - (-2)/12?
4
Let g be ((-2)/(-6))/(3/(-27)). Let n be g/(-2*1/2). Suppose -n*x = 2*x + 25, 0 = -2*d - x + 67. What is the tens digit of d?
3
Let s(x) = -7*x**2 + x + 4. Let d(w) = 2*w**2 - 12*w + 9. Let c be d(5). Let f(t) = -t**2 + 1. Let i(j) = c*s(j) + 3*f(j). What is the tens digit of i(-3)?
3
Suppose -7*t + 2266 = -891. What is the tens digit of t?
5
Let n(d) = -d**3 - 4*d**2 - 2*d + 3. Let t be n(-3). Suppose 2*r - s = -2*s + 728, t = -5*s. What is the tens digit of (5/(-4))/((-13)/r)?
3
Let p = -2 - -5. Suppose -4 - 2 = p*o, o = -2*n - 14. What is the tens digit of (-2)/n + 370/15?
2
Suppose -1545 = -12*c + 507. What is the units digit of c?
1
Let c(g) be the third derivative of g**5/30 + g**4/6 - 7*g**3/2 - 30*g**2. What is the tens digit of c(-10)?
3
Suppose 4*y = -2*u + 2, -2*y + 7 = -3*u + 2*u. Let q(j) = -5*j + 64. Let o be q(6). Let c = u + o. What is the tens digit of c?
3
Suppose -8*m + 5*m + 8607 = 0. What is the units digit of m?
9
Let f = 228 - 466. Let t = f - -341. What is the tens digit of t?
0
Suppose 16*w + 17 = 17*w. Suppose 2*u = w - 3. Suppose -4*o = -5*o + u. What is the units digit of o?
7
Let u = -139 - -870. What is the units digit of u?
1
Suppose 20*o + g + 9912 = 24*o, g - 4956 = -2*o. What is the thousands digit of o?
2
Let r = -6 + 13. Suppose 138 = 4*x - h, 4*x = -2*h + r*h + 146. Suppose -3*c + 142 = x. What is the tens digit of c?
3
Let m = -392 + 549. Let g = m - -95. Suppose 3*s + s = g. What is the units digit of s?
3
Let w be -1 + 2/1 + 0. Let g(b) be the first derivative of 19*b**3/3 + b**2/2 - 2. What is the tens digit of g(w)?
2
Let u(f) = -f**2 + 39*f + 108. What is the tens digit of u(32)?
3
Suppose 282 = -2*w - 2*s, 0 = 5*w + 5*s - 9*s + 660. Let f = 346 + w. What is the hundreds digit of f?
2
Suppose -6*i + 3 = -5*i. Suppose -i*w - 9 + 0 = 0. What is the tens digit of 69*(w + (-10)/(-3))?
2
Let b = -150 - -154. Suppose -12*w + 112 = -b*w. What is the tens digit of w?
1
Let x be 1512/(-45) + (-2)/5. Let n = x + 149. What is the units digit of n?
5
What is the tens digit of 30/(-2 - 